3 - 8*q**2 - 3*q + 9. Let g(i) = -i**3 + 9*i**2 + 2*i - 10. Let h(l) = 5*g(l) + 6*w(l). What is the units digit of h(5)?
4
Let w(t) = t**3 - 5*t**2 - 6*t - 6. Let f be w(8). Let x = f + -84. Suppose h = 3*h - x. What is the tens digit of h?
2
Let h(f) = 204*f**3 + f**2 + f - 2. Let z be h(1). Suppose -j - 3*j + z = 4*o, 3*j + 6 = 0. What is the units digit of o?
3
Let b be (-18)/(-24)*(-5 + 1). Let a = 6 + b. Suppose -4*h + 96 = -a*o, -3*o = 3*h - 4*o - 72. What is the tens digit of h?
2
Suppose 0 = -4*q + q - 30. Let z be (-130)/50 + 4/q. What is the units digit of (-3 - (-7 + z)) + -3?
4
Suppose 0 = 22*x - 19*x + 6. What is the units digit of 0 + -2 + x*267/(-6)?
7
Let t be -45*(-1)/2 - (-9)/(-18). What is the tens digit of 24/20*(1*t + -2)?
2
Let f be 57/(-11) - (0 - (-4)/(-22)). What is the tens digit of 3 + 804/15 + (-2)/f?
5
Suppose 3 = -h, 5*q + 4*h - 141 = h. Suppose -4*i = 2*w + q, 3*i - w = -2*w - 25. Let l(a) = -a**2 - 10*a + 8. What is the units digit of l(i)?
8
Let q(t) = -t**2 - 16*t + 13. Let d be q(-15). Let h = -12 + d. What is the tens digit of h?
1
Suppose 14*t = t + 65. Suppose 0 = 5*c - t*i - 140, 0*c = -3*c + 4*i + 81. What is the tens digit of c?
3
Let k(t) = -91*t + 12. Let g(l) = 2*l - 34. Let h be g(16). What is the hundreds digit of k(h)?
1
What is the thousands digit of (-1)/6 - (3872457/(-54))/37?
1
Suppose 0 = -5*f + 15. Let t be ((-6)/4)/3 - (-594)/12. Suppose -f*g - 2*y = -t, 0*y = 3*g - 4*y - 19. What is the tens digit of g?
1
Suppose 30 = 6*f - 0*f. Suppose -o = -5*o + q + 480, -f*o - 5*q = -600. What is the tens digit of o?
2
Suppose 130*l - 121*l - 7038 = 0. What is the units digit of l?
2
Let s(d) = -10*d + 8*d**2 - 3*d**3 + 6 + 6 + 1 + 2*d**3. What is the tens digit of s(6)?
2
Let p(z) be the third derivative of z**5/30 - z**4/6 + 4*z**3/3 - 3*z**2. Let v be p(4). Let l = 26 - v. What is the units digit of l?
2
Let a be (14*3/(-15))/((-6)/15). Suppose -a*j = -2*j - 65. What is the tens digit of j?
1
Let w = -213 - -987. What is the hundreds digit of w?
7
Let o be -1*2/2*-2. Let d be (o - 1/(-1))*13. Suppose d = 2*y - 37. What is the tens digit of y?
3
Let n = 251 - 152. Let d = n - 64. What is the tens digit of d?
3
Suppose -62*i + 63*i - 20850 = -5*u, 2*u + i = 8337. What is the thousands digit of u?
4
Suppose 6*h - 1024 = -2*h. Suppose -h - 146 = -2*i. What is the hundreds digit of i?
1
Let t(k) = k**3 + 10*k**2 - 12*k - 6. Let a be t(-11). Suppose 0 = -4*c - 0*c - n + 267, 4*c - 279 = -a*n. What is the tens digit of c?
6
Let q = -1584 + 792. Let w = 1119 + q. What is the units digit of w?
7
Suppose -3*j = 2*k - 0*j + 15, -4*j = -3*k + 20. Let i be 2 + -2 + (6 - k). Let h(m) = 2*m**2 - 6*m - 7. What is the tens digit of h(i)?
2
Let s = -20 - -26. Suppose -s*c + 574 = -398. Suppose -25*y = -22*y - c. What is the tens digit of y?
5
What is the units digit of (-4)/(-14) - 34758/(-63)?
2
Let m(o) = -3 + 3*o - 3 + 2 - 3. Let b be m(-6). Let c = b + 43. What is the tens digit of c?
1
Let r(w) = -5*w**3 + 2*w**2 - w - 6. Let q be r(3). Let z = -82 - q. What is the units digit of z?
4
Suppose 0 = -2*w + k + 6, 0*k = 2*w - 2*k - 4. Let x be (-3852)/(-42) - w/(-14). Let h = x - 39. What is the units digit of h?
3
Let l(p) = 239*p**2 - p + 1. What is the tens digit of l(-2)?
5
Let h = -4 + 14. What is the units digit of (54/h)/(33/110)?
8
Let o = -62 + 117. Suppose -5*x + 5*s = -o, -5*x + 51 = -s - 0*s. What is the units digit of x?
0
Let n be (-56)/(-6) + (-2)/(-3). Let f = -61 - -53. Let z = f + n. What is the units digit of z?
2
Let x = 260 - 158. Suppose x = 5*p - 4*p. What is the tens digit of p?
0
Let h = -34 + 39. Suppose -h*t = -19*t + 126. What is the units digit of t?
9
Suppose 3*h - 4*u - 16 = 0, -4*h - 5*u + 36 = -6. Suppose 0 = -4*n - 3*d - h, 2*d - 8 = -0*d. What is the tens digit of 22/n*10/(-4)?
1
Let w(a) = -a**3 - a**2 - a + 2. Let b be w(0). Suppose b*u - 6 = -2. Suppose -h - 96 = -4*l, 3*h = -2*l - u*l + 80. What is the tens digit of l?
2
Let c = 352 - 224. What is the hundreds digit of c?
1
Let y = 45 + -15. What is the tens digit of y/20*(-140)/(-6)?
3
What is the hundreds digit of 15135/9 + 240/(-90)?
6
Let w = 22 + -14. Let m(x) = 2*x**3 + 3*x**2 + 16*x - 13. Let l(b) = -3*b**3 - 7*b**2 - 31*b + 25. Let t(r) = 3*l(r) + 5*m(r). What is the tens digit of t(w)?
3
Let y = 11 - 9. Suppose b = -y*s + 169, -2*b + 3*s + 152 = -214. What is the hundreds digit of b?
1
Let t(w) = w**2 - 4*w - 9. Let h be t(6). Let f(a) = -3*a**3 - 11 + 5 + 2*a**3 + 2*a**h - a - 3*a**2. What is the units digit of f(5)?
9
Let o(x) = 2*x**2 - 2*x - 6*x - 1 - 3*x**2. Suppose 4 = 20*d + 84. What is the units digit of o(d)?
5
Let h = 21 - 18. Suppose h*j - 27 = 213. Suppose 3*u - j = 34. What is the tens digit of u?
3
Let o(p) = 2*p - 15. Let z be o(7). Let q be (3 - z)*15/20. Suppose -q*s - 10 = -67. What is the tens digit of s?
1
Let v = -23 - -23. Suppose v = -19*w + 22*w - 90. What is the units digit of w?
0
Let s be ((-6)/(-2))/(6/8). Suppose -s*d + 320 = -0*d. What is the tens digit of d?
8
Suppose 3*p - 2 - 1 = 0. Let h be 0*p/(-2) + 61. Suppose -9 - h = -5*s. What is the units digit of s?
4
Suppose 6*f - 12 = 3*f. Suppose -148 = -3*o - 4*t, -3*t - 76 = f*o - 6*o. What is the tens digit of o?
4
Suppose f - 1085 - 1986 = 3*k, 5*f - 15300 = 4*k. What is the thousands digit of f?
3
Suppose -2*u = 2*l + 3*u + 24, -16 = 4*u. Let s be 0/l*(4 - 3). Suppose s = 2*j + j - 96. What is the tens digit of j?
3
Let y be 9/(-18) - 5/(-2). Suppose 14 + 18 = y*a + 2*i, -3 = -3*i. Suppose 0 = 4*l - 3*g - 25, -g + a = -6*g. What is the units digit of l?
4
Let z = 51 - 24. What is the tens digit of 789/27 + (-6)/z?
2
Let r(j) = 22*j**2 - 2*j + 6. Let l(t) = -t**3 + 5*t**2 - 3*t - 2. Let x be l(4). What is the tens digit of r(x)?
9
Suppose -2*d + 2*a = -10372, 4*a = 3*d - 5742 - 9811. What is the units digit of d?
1
Suppose -n - 1 = 4, 15 = 4*z + n. Suppose 0 = z*w - 1221 + 226. What is the hundreds digit of w?
1
Suppose 1 + 2 = 3*v + 5*j, 0 = 2*v + 2*j - 6. Suppose -4*a + v = -a. Suppose -45 = -a*c + 5*f, 3*c - 71 = 2*f + 2*f. What is the units digit of c?
5
What is the tens digit of 9944/12*(3 + 6/(-4))?
4
Let y = -844 - -2505. What is the thousands digit of y?
1
Let c be (-1)/(-3) + (-876)/(-18). Let n = 90 - c. Suppose -13*u - n = -14*u. What is the tens digit of u?
4
Suppose 3*z + h = 3*h - 14, -28 = 4*z - 5*h. Let b(o) = -o. Let f(r) = 20*r - 8. Let i(j) = 6*b(j) - f(j). What is the tens digit of i(z)?
6
Let f(d) = -41*d - 97. What is the units digit of f(-45)?
8
Suppose 6*r - 3*c = 2*r + 3998, 5*r = -5*c + 5015. What is the tens digit of r?
0
Let z = 1442 - 843. Let o = -403 + z. What is the tens digit of o?
9
Let l(s) = s**2 - 12*s + 3. Let o be l(12). Suppose o*q = 6 - 18. Let w = q + 13. What is the units digit of w?
9
Let v(i) = -i**3 - 16*i**2 + 18*i + 10. Let d be v(-17). Let c = d - -10. Suppose 5*f - 5 = 0, -4*n - c*f + 73 = -134. What is the tens digit of n?
5
Suppose -2*d + 880 = 5*b, 0*d + 3*d = -2*b + 363. Suppose 11*f - 13*f + b = 0. Suppose 10*g - f = 7*g. What is the tens digit of g?
2
Suppose 4*k - 3686 = v, 25*v - 27*v - 2767 = -3*k. What is the units digit of k?
1
Let i = 115 + -118. Let o(h) = -11*h**3 - 4*h**2 - 6*h - 10. What is the units digit of o(i)?
9
Suppose 5*w + d + 531 = 100, -2*d = w + 88. Let f = w + 106. What is the units digit of f?
0
Suppose -4*q - 9 = 7. Let v = 33 + q. What is the tens digit of v?
2
Let a = 1327 - 1143. What is the units digit of a?
4
Let g = -1340 + 2294. What is the hundreds digit of g?
9
Let s(d) = d**3 + 2*d - 3. Let w be s(0). Let t(m) = -m**3 + m + 6. Let a be t(0). What is the units digit of (w/a)/1*-2?
1
Let h(k) = -24*k + 103. What is the tens digit of h(-14)?
3
Suppose 83 = 12*a - 11*a. Suppose 7*s = 90 - a. What is the units digit of s?
1
Suppose 12*j + p - 19 = 8*j, 0 = -2*p - 2. Let n(b) = 74*b + 1. Let t be n(1). Suppose -m + t = j*r - 6*m, 0 = -4*r + 2*m + 56. What is the tens digit of r?
1
Suppose 3*p = -a - 431, 4*a = 3 - 11. Let t = p - -227. What is the tens digit of t?
8
Let c(d) = -d**2 - 11*d - 14. Let o be c(-10). What is the units digit of 3 + 4/(o/(-31)) + -3?
1
Suppose 76259 = 53*v - 15802. What is the units digit of v?
7
Let m(o) = -2*o**2 + 9*o + 